*b - 16, p - 2*b = 8. What are the prime factors of f(p)?
2
Let s(n) = -n**2 + 5*n + 4. What are the prime factors of s(5)?
2
Suppose -400 = 7*j - 9*j. List the prime factors of j.
2, 5
Suppose 11*b - 10*b = 16. List the prime factors of b.
2
Let n be 0/(4/1)*-1. Let d be (-2)/((-1)/(0 + 1)). What are the prime factors of (d - n - 1)*12?
2, 3
Let v(x) = -x - 5. Let d be v(0). Let m be (d + 3)*(-22)/(-4). Let h = -1 - m. What are the prime factors of h?
2, 5
Suppose -5*w = -3*w - 3*i - 171, i + 434 = 5*w. List the prime factors of w.
3, 29
Let y be (-3)/(-15) + (-372)/(-15). Let j = 0 - 0. Suppose -z = -4*n - 14, j = 3*z + 4*n - y - 17. What are the prime factors of z?
2, 7
Let l(i) = i**2 + 9*i - 2. List the prime factors of l(4).
2, 5
What are the prime factors of 12/((-6)/(-2)) - -134?
2, 3, 23
Suppose -3*r - 366 = -3*a, -3*r = -7*a + 2*a + 610. List the prime factors of a.
2, 61
Let q = 8 + -3. Let v(s) = q + 3*s - 2*s + 9. What are the prime factors of v(0)?
2, 7
Let r(w) = -w**3 + w**2 + w + 1. Let m(q) = 7*q**2 - 2*q + 5. Let z(p) = m(p) - r(p). List the prime factors of z(-3).
2, 5
Let p(u) = -4*u + 3. Let g be p(2). Let x(m) = -m**2 - 8*m - 6. List the prime factors of x(g).
3
Suppose -18 = -3*f - 2*r, 4*f - 19 = -2*r + 7. Let u(a) = a**2 - a + 1. Let q be u(2). List the prime factors of 82/f - q/12.
2, 5
What are the prime factors of (-10626)/(-99) + ((-4)/3 - 0)?
2, 53
List the prime factors of ((-5)/((-20)/168))/1.
2, 3, 7
Let q(c) = -c**3 + 13*c**2 - 9*c + 4. What are the prime factors of q(10)?
2, 107
Let x = 86 + -46. List the prime factors of x.
2, 5
Let j = 64 - 116. Let i = -28 - j. Suppose -4*u + 4*x + i = 0, 2*x - 39 = -4*u + 3*x. List the prime factors of u.
11
Let b = -25 - -24. List the prime factors of -6 - -6 - (-45 - b).
2, 11
Let q = -3 - 6. Let x = q - 4. What are the prime factors of (-1 - x/7)*7?
2, 3
Let n(s) = s + 5. Suppose -h - 8 = -2*c, 5 = h + 3*c - 7. List the prime factors of n(h).
5
Let u = 15 - 7. Let p = -4 + u. What are the prime factors of p?
2
Let f(t) = t**3 - 3*t**2 - 3*t - 1. What are the prime factors of f(5)?
2, 17
Let a be (-7)/14 + (-6)/(-4). Let u = a - -3. Suppose 3*r + z - 51 = u*z, -2*r + 3*z = -36. List the prime factors of r.
3, 5
Let o be 1*-1 - (-7 - -6). Suppose -3*r = -o*r. Let q(n) = n + 4. List the prime factors of q(r).
2
Suppose a - j = 173 + 26, -4*a - 5*j = -769. List the prime factors of a.
2, 7
Let m = 10 - 12. Let t(z) = -4*z**3 + z**2 + 2*z + 1. List the prime factors of t(m).
3, 11
Suppose 4*g - 217 = -g + 3*m, -4*g = -5*m - 184. List the prime factors of g.
41
Suppose -3*y = 3, 2*f - 3*f + 9 = -y. What are the prime factors of f?
2
Suppose 4*i - 12 = -4. Suppose -4*m - a + 131 = 36, 2*m + i*a - 40 = 0. List the prime factors of m.
5
Let q = -175 + 336. What are the prime factors of q?
7, 23
Suppose r + z - 1 = 5*z, -2*r = 4*z + 22. Let t = r - -12. Suppose j + 12 = t*j. List the prime factors of j.
3
List the prime factors of (-26)/(-39) + 80/6.
2, 7
Let b be -4*(3/2 - 2). Suppose 4*t = -t + 2*a + 63, -b*t - a = -27. What are the prime factors of t?
13
Let r = 179 + -138. List the prime factors of r.
41
Let m be (-1)/2*10 - -1. Let c = 5 - m. List the prime factors of c.
3
Let o = 5 - 3. Let c = -31 - -43. Suppose -4*a + c = 0, -3*u = o*u - 5*a - 40. List the prime factors of u.
11
Suppose 0 = 5*g + 5*x - 110, -4*g = -2*x - 44 - 74. Let j = -19 + g. Let u = j - 4. List the prime factors of u.
2
Let j(v) = 4 + 4*v - 3*v - 2 + 1. What are the prime factors of j(6)?
3
Suppose -c + 7 = 2. Suppose -7 = -c*p + 13. List the prime factors of p.
2
Let u be (3 + 33/(-9))*-3. Let h(c) = 3*c - 3. Let y be h(u). Suppose 24 + 0 = y*g. What are the prime factors of g?
2
Let x = 4 + -1. Suppose x*a - 21 = -0*a. What are the prime factors of a?
7
Let f = -50 - -91. List the prime factors of f.
41
Suppose -67 = -4*r + 21. List the prime factors of (r - (3 + -6)) + 3.
2, 7
Suppose 4*v - 3*q = 34, -4*v + 2*q + 22 = 5*q. Suppose 0 = 2*m - 3 - v. Suppose 4*i - 86 = -m*r, 3 = -3*r + 9. What are the prime factors of i?
19
Let j(f) be the first derivative of 1/3*f**3 - f - 2 + 0*f**2 - 2*f**4. List the prime factors of j(-1).
2
Let b = 5 + -10. Let h = -1 + 14. Let c = b + h. List the prime factors of c.
2
Let v be -2*3/(-2) + 0. Suppose -v*b + 6 = -b. Suppose d = 2*x + b*x + 37, -2*x + 2 = d. What are the prime factors of d?
2, 3
Let q(m) = -2*m**2 + m + 3. Let v be q(3). Let y = v + 24. Suppose -y = -5*u - 2*f + 23, 4*u + 3*f = 21. What are the prime factors of u?
3
Suppose 5*q - k = -233, 2*q + 2*k + 102 = -2*k. Let p = 78 + q. What are the prime factors of p?
31
Suppose 4*y = -0*y. Suppose -j + 4 - 2 = y. Suppose -j*m = -m - 11. List the prime factors of m.
11
Let n be (-3)/1 - 3*81. Let x be n/9 - (-2)/(-3). What are the prime factors of (x/21)/((-2)/12)?
2
Suppose 0 = 2*b - 0*b + y + 59, 0 = -4*b + 4*y - 148. Let v = 51 + b. List the prime factors of v.
19
Let v = 1 - -3. Let i(m) = -m**2 - 6*m + 3. Let r be i(-6). Suppose -q - 5*h + 2 = 14, -5*h - r = v*q. List the prime factors of q.
3
Suppose 0 = f - 7 - 21. Suppose -2*n + f + 26 = 0. What are the prime factors of n?
3
Let q(r) = -r**2 + 19*r + 13. What are the prime factors of q(16)?
61
Let o(c) = -c + 9. Let r be o(9). Suppose -2*k + 4 = -0*z + 4*z, -3*z + 6 = r. List the prime factors of (3/2 - k)*6.
3, 7
Let z(k) be the second derivative of -k**3/2 + k**2/2 + 4*k. What are the prime factors of z(-9)?
2, 7
Suppose 2*y = 2, -6*d = -2*d - 4*y - 12. Suppose -d*j = 2*k + 32 - 104, 5*k - 40 = -3*j. List the prime factors of j.
2, 5
List the prime factors of (-14)/3*(-4 - -1).
2, 7
Let q(s) = s**2 + 6*s. Let i be q(9). Suppose -8*v + i = -3*v + 2*j, -2*j = 2*v - 54. List the prime factors of v.
3
Let d be ((-6)/(-2) - 2) + 2. Suppose -d*h = -m - 3, 3*m + m = 5*h - 12. Suppose h = 3*u - 0*u - 21. What are the prime factors of u?
7
Let i = -3 + 5. Let k(l) = -6*l**3 + 1. Let u be k(-1). Let q = u + i. List the prime factors of q.
3
Suppose -2*x - 3*d - 9 = -8*d, x - 4*d = -12. Suppose 0 = -4*p - 0*p - 20. Let n = p + x. List the prime factors of n.
3
Suppose -5*g - 5*k + 347 = -303, -2*k + 10 = 0. What are the prime factors of g?
5
Let o(b) = b**3 + 7*b**2 - 10*b - 12. List the prime factors of o(-8).
2
Suppose 3*d - 47 = -3*l + 10, 4*d + 68 = 2*l. What are the prime factors of l?
2, 3
Let f = 5 - 7. What are the prime factors of (-1)/f - 39/(-6)?
7
Let h be (-2)/(-6)*(1 + -4). Let s = 0 - h. Let w(n) = 9*n**2 - 2*n + 1. What are the prime factors of w(s)?
2
Let l be (-20)/8*1*4. Let v = 3 - l. What are the prime factors of v?
13
Suppose 5*u + 3*z - 2*z = 1735, -u = -z - 341. What are the prime factors of u?
2, 173
Suppose -4*f - 4*u = -492, -5*f = 3*u + 257 - 882. Let x = f - 60. Suppose -g - x = -4*w + 3*g, g = -w + 7. What are the prime factors of w?
2, 3
Let q be 3/3 - 2 - 1. Let k = q + 9. What are the prime factors of k?
7
Let f(w) = w**3 + 8*w**2 + 1. Let l be f(-8). Let s = l - 4. What are the prime factors of ((-4)/s)/(-4)*-27?
3
Let i(h) = 31*h - 17. What are the prime factors of i(15)?
2, 7
Let a be 30/9*(-48)/20. Let y be 3/(-1*(-6)/(-8)). Let w = y - a. List the prime factors of w.
2
Let d(t) = 17*t + 1. Let u be d(4). Let v = -16 + u. What are the prime factors of v?
53
Let w(y) = 27*y**2 - 1. Suppose 3 = -b + 4. List the prime factors of w(b).
2, 13
Let w(r) = r**2 - r - 16. List the prime factors of w(-6).
2, 13
Let f be (-15)/(-3) - (2 - 1). Suppose -u + 3*u + 2*x - 12 = 0, -f*u + 4 = -x. List the prime factors of (u - 0)*(-15)/(-10).
3
Suppose 0 = o + 2*v - 12 + 1, -4*o + v + 8 = 0. Suppose q + q = -s + 37, o*q - 164 = -5*s. What are the prime factors of s?
31
Let c be (-2)/8 - (-30)/(-8). Suppose 8*b = 10*b - 128. What are the prime factors of (2 - 3)*b/c?
2
Suppose 17*m + 336 = 2631. What are the prime factors of m?
3, 5
Suppose 2*r - r = c - 77, -c = -5*r - 61. List the prime factors of c.
3
Let y(f) be the third derivative of f**6/120 + 7*f**5/60 - f**4/8 - f**3/3 - 2*f**2. List the prime factors of y(-7).
19
Let q(t) = 3*t - 89. Let c(h) = -h + 30. Let z(d) = -17*c(d) - 6*q(d). List the prime factors of z(12).
2, 3
Let n(l) = -7*l**3 + 2*l**2 + l + 2. Let h be n(-2). Let r = -40 + h. Suppose -6*p + p + r = 2*a, -a -